1744978 and 324318.
566
What is the highest common factor of 11594 and 1430278?
1054
What is the greatest common factor of 2878493 and 47745?
1061
Calculate the greatest common factor of 1408 and 51403088.
176
Calculate the highest common factor of 682335 and 238239.
2313
Calculate the highest common divisor of 156624 and 622128.
624
Calculate the greatest common factor of 140480544 and 18.
6
Calculate the highest common factor of 2424 and 1275188832.
2424
Calculate the greatest common divisor of 6188 and 210902.
34
What is the greatest common divisor of 287073 and 2529?
9
What is the highest common factor of 3781800 and 4048?
88
Calculate the highest common factor of 72401500 and 267.
89
What is the highest common divisor of 9080 and 1363779680?
9080
What is the greatest common divisor of 121808 and 8752?
16
What is the greatest common divisor of 56 and 22800862?
14
Calculate the greatest common factor of 2746638 and 42368.
662
What is the greatest common divisor of 868 and 24850096?
124
What is the greatest common divisor of 1526 and 277187?
109
Calculate the greatest common factor of 21140 and 541604.
28
Calculate the greatest common factor of 3440 and 3757770.
430
What is the highest common factor of 11818 and 5876776?
38
What is the highest common divisor of 11742 and 175731?
57
What is the highest common divisor of 23942 and 236?
2
Calculate the greatest common divisor of 115 and 915053045.
115
What is the greatest common factor of 600481965 and 6810?
3405
What is the greatest common divisor of 222200 and 3259876?
404
Calculate the highest common factor of 18873 and 1920915.
81
Calculate the highest common divisor of 18414047 and 86235.
5749
What is the greatest common divisor of 441818 and 27274?
26
What is the greatest common divisor of 29084 and 180224?
44
What is the greatest common divisor of 189 and 281766429?
63
Calculate the greatest common divisor of 1530 and 5078835.
765
Calculate the greatest common divisor of 44 and 1066582.
22
Calculate the greatest common divisor of 123757879 and 49.
49
Calculate the highest common factor of 528 and 789954.
66
What is the highest common factor of 102 and 14691774?
102
What is the highest common factor of 143450682 and 3?
3
What is the highest common divisor of 103356 and 7465238?
638
Calculate the greatest common factor of 3165 and 13701918.
633
What is the greatest common factor of 82460961 and 1953?
279
What is the highest common factor of 2082665 and 83235?
895
What is the highest common divisor of 3349708 and 3860?
772
Calculate the greatest common factor of 8640 and 156521880.
360
What is the greatest common factor of 165519 and 7320312?
3123
Calculate the highest common factor of 4844 and 189084.
28
Calculate the greatest common factor of 1568 and 4605167.
49
What is the greatest common divisor of 270 and 2022435?
135
What is the highest common divisor of 12626297 and 87676?
953
Calculate the highest common divisor of 402448910 and 395.
395
Calculate the greatest common divisor of 1538 and 163404041.
769
Calculate the highest common factor of 22681 and 625873.
613
What is the highest common factor of 3296540 and 13260?
260
Calculate the greatest common divisor of 15710676 and 807.
807
What is the highest common divisor of 948 and 3114528?
12
What is the greatest common factor of 778323 and 1239?
21
What is the highest common factor of 12427005 and 185?
185
Calculate the highest common divisor of 27144 and 60252.
12
What is the greatest common factor of 42296 and 59704?
136
What is the highest common divisor of 1650 and 1635579?
33
What is the highest common divisor of 550 and 442538910?
110
What is the greatest common factor of 3456500 and 7130?
310
Calculate the greatest common factor of 3299644 and 52.
4
Calculate the greatest common factor of 345408349 and 143.
143
What is the highest common divisor of 405133 and 224839?
151
What is the highest common divisor of 56835 and 8611555?
2105
What is the greatest common factor of 76720 and 89040?
560
Calculate the greatest common divisor of 14823 and 26109.
27
What is the highest common factor of 200 and 1041085?
5
Calculate the highest common factor of 696 and 132159.
3
What is the greatest common factor of 91943604 and 11592?
828
Calculate the greatest common factor of 55167 and 6603.
213
What is the greatest common divisor of 60232208 and 72?
8
Calculate the highest common factor of 1894030 and 259.
37
What is the highest common factor of 27670 and 198410?
10
Calculate the greatest common divisor of 235 and 38737165.
235
Calculate the greatest common factor of 79008473 and 299.
23
Calculate the highest common factor of 10125 and 15494625.
3375
What is the greatest common divisor of 1008 and 3342384?
144
Calculate the highest common factor of 48 and 163697514.
6
Calculate the greatest common factor of 797824 and 896.
128
What is the greatest common divisor of 19863623 and 468?
13
Calculate the highest common factor of 3996 and 551596.
148
What is the highest common factor of 71584479 and 995?
199
What is the greatest common divisor of 756 and 6140505?
21
What is the greatest common divisor of 41537463 and 231?
33
Calculate the highest common factor of 4581590 and 67600.
1690
What is the highest common divisor of 778902028 and 334?
334
Calculate the greatest common factor of 5761147 and 4879.
119
What is the greatest common factor of 8904 and 4376456?
56
What is the greatest common factor of 6 and 411762456?
6
Calculate the highest common divisor of 199821 and 90429.
129
What is the highest common factor of 84 and 353820306?
42
Calculate the highest common factor of 28760 and 16120.
40
What is the greatest common factor of 11856 and 270104?
152
Calculate the greatest common divisor of 49848 and 16089.
93
What is the highest common factor of 5886 and 17322?
6
What is the greatest common factor of 2533030 and 290?
10
Calculate the highest common divisor of 11418 and 165541970.
3806
Calculate the highest common divisor of 59 and 22844.
1
Calculate the highest common divisor of 221826018 and 10563.
1509
Calculate the greatest common factor of 22 and 396935.
11
What is the greatest common factor of 1449 and 13503519?
9
Calculate the greatest common factor of 1816277 and 387.
43
What is the greatest common factor of 84 and 117979936?
4
Calculate the greatest common factor of 380 and 61674836.
76
What is the greatest common factor of 253952 and 107136?
3968
What is the greatest common divisor of 633118205 and 1910?
955
Calculate the highest common factor of 34146200 and 62920.
4840
Calculate the highest common divisor of 17205424 and 128.
16
What is the highest common factor of 396309492 and 180?
36
What is the greatest common divisor of 12222 and 14693?
7
Calculate the highest common divisor of 16569126 and 1575.
63
What is the greatest common factor of 4100 and 227550?
2050
Calculate the highest common divisor of 6640 and 103160.
40
What is the highest common factor of 40497040 and 1040?
80
Calculate the greatest common divisor of 4662 and 3661.
7
What is the greatest common divisor of 10744 and 2902223?
1343
What is the greatest common factor of 815397 and 165?
33
What is the greatest common factor of 6145996 and 256891?
4847
Calculate the greatest common factor of 1023 and 15897296.
31
What is the highest common divisor of 2045239 and 48386?
1861
Calculate the greatest common factor of 737 and 1114663.
11
Calculate the greatest common divisor of 69 and 3100722.
69
What is the highest common factor of 31063905 and 1665?
1665
What is the greatest common factor of 1295 and 482264734?
259
Calculate the highest common factor of 4568710 and 55.
5
Calculate the greatest common factor of 3550443 and 18516.
4629
Calculate the highest common divisor of 173006 and 16586010.
7522
Calculate the highest common divisor of 72 and 2425986.
18
Calculate the highest common divisor of 12608 and 4314.
2
Calculate the highest common divisor of 1260 and 121483800.
180
What is the greatest common factor of 96621 and 340130?
301
Calculate the highest common factor of 71845505 and 730.
365
Calculate the greatest common factor of 288185 and 10.
5
Calculate the highest common divisor of 16184 and 123704.
56
What is the highest common divisor of 16353557 and 121?
